mmon divisor of 121 and s?
11
Suppose -2*h - 19 = -3*q - 70, 53 = 2*h - q. Calculate the highest common divisor of h and 36.
9
Suppose 2*s = -5*f + 630, 5*f - s = 2*s + 605. What is the highest common divisor of f and 93?
31
Let j be (-5)/30*3*0. Suppose -h + 9 = -q, j = -2*h + q - 2 + 23. Let x be 0 + (-1)/((-1)/4). What is the greatest common divisor of h and x?
4
Let l = -195 + 327. Let h = -72 + l. What is the highest common divisor of h and 24?
12
Let j(s) = -2*s**3 - 4*s**2 - 2*s - 6. Let q be j(-4). Let k = 11 - 5. Calculate the greatest common factor of q and k.
6
Let t = 59 - -5. Let d be (-1 - -2) + (0 - -7). Calculate the greatest common divisor of t and d.
8
Suppose -i = -59 - 66. Suppose 7*h = 4*h + 30. Let t be (h/4)/((-3)/(-30)). What is the highest common factor of t and i?
25
Let u(h) = 5*h**2 + 1. Let l be u(2). Let x(a) = a**3 - 10*a**2 + 20*a - 78. Let i be x(9). What is the highest common divisor of l and i?
21
Let f(u) = -9*u - 5 + 8 + 2 + 0. Let z(g) = g - 1. Let y(r) = f(r) + z(r). Let d be y(-10). What is the greatest common factor of 21 and d?
21
Let m be 42/8 + (-14)/56. Let r(t) = -t**2 + t. Let y be r(1). Suppose y = -4*s + m*s - 4. Calculate the greatest common factor of 24 and s.
4
Let h(n) = n**3 - 4*n**2 - 7*n - 25. Let l(t) = -2*t - 10. Let x be l(-8). Let b be h(x). What is the highest common factor of 20 and b?
5
Let u = -204 - -111. Let y = 108 + u. Calculate the greatest common factor of y and 15.
15
Suppose 5*q = -5*n + 95, 0*q - 3*n + 38 = 2*q. Let v be (-26)/6 - (-9)/27. Let t be (v/2)/(-2)*19. Calculate the highest common factor of t and q.
19
Let h be (7*17/(-357))/((-2)/126). What is the highest common factor of 581 and h?
7
Let v = 28 + -27. Let m be (24/(-20) - -2)*(v - -14). What is the highest common factor of m and 18?
6
Suppose 9*i - 10 - 53 = 0. What is the highest common divisor of i and 70?
7
Let u be 2*(-4)/(-8)*-3. Let r be (-2 + 0/u)/(-2). Let g(f) = 22*f + 1. Let l be g(r). Calculate the greatest common factor of l and 23.
23
Let u(g) = -g**2 + 9*g - 11. Let z be u(7). Suppose z*a = -2*a + 20. Suppose c + a*c = -r + 113, 0 = c - 1. Calculate the greatest common divisor of 12 and r.
12
Let l(g) be the third derivative of -g**4/6 + 2*g**2. Let i be l(-7). What is the highest common factor of i and 14?
14
Let b = -12 + 40. Suppose -y = -3*s + 8, -12 = s + 4*y - 8*y. Calculate the highest common factor of s and b.
4
Let i = -506 + 510. Let a(w) = -2*w + 3. Let x be a(5). Let t = 19 + x. Calculate the highest common divisor of t and i.
4
Let i be (6/15)/(1*(-6)/(-30)). Calculate the highest common factor of 26 and i.
2
Let c(t) = 30*t - 6. Let v be c(8). Let n = v + -110. Let f be 14/42 + n/6. Calculate the highest common divisor of f and 231.
21
Let j be (-13)/((-26)/(-4)) + 473/1. Calculate the greatest common factor of 3 and j.
3
Let m = -14 + 14. Suppose 2*u - g - 3*g = 12, 4*u - 3*g - 44 = m. Let y(t) = 12*t + 6. Let k be y(3). What is the highest common factor of k and u?
14
Suppose -5*g + 171 = 3*i, i + 39 = g - 0*i. Let j(n) = -n**3 + 9*n**2 - n + 12. Let d be j(9). What is the highest common factor of g and d?
3
Suppose 7 - 5 = -w. Let v(z) = -z + 2. Let d be v(w). Calculate the highest common divisor of 40 and d.
4
Let f(i) = -2*i - 20. Let h be f(-10). Suppose h*y = -y + 45. Suppose -5*w = 10 - 55. Calculate the highest common factor of y and w.
9
Suppose -87*f + 86*f + 423 = 0. Suppose 4*n - 6 = -10, -f = -5*b + 3*n. Calculate the highest common divisor of b and 12.
12
Suppose 4*c - 400 = -80. What is the greatest common divisor of 90 and c?
10
Let i = 478 - 467. What is the highest common divisor of i and 319?
11
Suppose 2*h - 10 = 2*i + 4, 0 = -h - 2*i + 4. Calculate the highest common divisor of h and 102.
6
Let y be ((-14)/7)/(-1) - (-24 + 2). What is the greatest common divisor of y and 9?
3
Let b(h) = 7*h**2 - 2*h - 3. Let m be b(3). Suppose 0 = 3*k - k. Let r = m - k. What is the greatest common divisor of r and 135?
27
Suppose 2*i + 4*n - 2*n = 14, 0 = -2*i + 5*n + 7. Let s be (5/(-2))/((-5)/12). What is the highest common factor of i and s?
6
Let z be (4/6)/(11/33). Suppose -z - 75 = -7*m. What is the highest common factor of 1 and m?
1
Suppose 3*u + 15 = 0, -5*u = n - 3*n + 129. Let t = 792 - 753. Calculate the greatest common factor of t and n.
13
Let o(g) = g**2 + 3*g + 2. Let v = 21 - 24. Let j be o(v). Suppose 72 = b + j*b. What is the highest common divisor of 3 and b?
3
Suppose -8*a = -10*a + 120. Let h be ((-1350)/24)/(9/(-24)). Calculate the highest common divisor of h and a.
30
Suppose 8 = -2*l + 6*l. Suppose 4*p - 2 - 300 = v, l*p - 154 = 2*v. Suppose 3*n + 2 - 92 = 0. What is the highest common divisor of p and n?
15
Let m = 3 + 2. Suppose -5 - m = -5*d. Suppose -t - 4*k = -24, 3*k + d*k = -5*t + 90. What is the highest common divisor of 8 and t?
8
Suppose -l - 5*u = -0*u - 15, -4*l = u - 22. Suppose 14*a - 135 = l*a. Let g be 299/5 - 2/(-10). Calculate the highest common divisor of g and a.
15
Let q = -4 + 7. Suppose -5*t - q*v + 500 = -2*v, -5*v - 400 = -4*t. Calculate the highest common factor of t and 40.
20
Suppose -732 = 57*i - 61*i. What is the greatest common divisor of 6 and i?
3
Let l be (-5)/3 + (-2)/(-3). Let g be ((-6)/4 - l)*-2. Suppose -42*u = -38*u - 12. Calculate the greatest common divisor of g and u.
1
Suppose 9*n = 3*n + 618. Let x = n - 28. What is the highest common factor of 30 and x?
15
Suppose 0 = -w - 4*t + 15, 0*w + 4*w - 3 = 3*t. Suppose 5*q - 1061 = -3*b, -4*q + 377 = w*b - 683. Calculate the greatest common divisor of 32 and b.
32
Suppose -3*n - 12 = 4*u, 8*u + 3*n = 3*u - 15. Let w(c) = c**3 + 3*c**2 - 4*c - 1. Let a be w(u). What is the highest common factor of 55 and a?
11
Let t(a) = 7*a**3 - 6*a**2 + 5*a - 5. Let r be t(3). Calculate the greatest common factor of r and 29.
29
Let q = -1256 - -1346. What is the highest common divisor of 60 and q?
30
Let h = 218 - 100. Calculate the greatest common factor of 2 and h.
2
Let s = 334 - 241. Let f(n) = n**2 + 2*n + 16. Let t be f(-5). What is the greatest common factor of s and t?
31
Suppose 2*i - 51 = -155. Let o = 64 + i. Calculate the greatest common factor of 108 and o.
12
Suppose 0 = 8*s - 6*s + 4. Let d be -1 - (s/6)/((-1)/(-39)). Let j be 58 - (-1 - (-3 + 4)). Calculate the highest common divisor of d and j.
12
Let i(p) = 12*p + 2*p - 5*p - 6*p - 1. Let u be i(1). Calculate the greatest common divisor of 16 and u.
2
Let x be (-198)/(((-18)/(-84))/(-3)). Calculate the highest common divisor of 28 and x.
28
Suppose 24 + 306 = 5*u. Suppose g + 3*a - 57 = 0, -2*g = 5*a - u - 43. Let b be (-2)/9 + 128/9. What is the highest common divisor of b and g?
14
Let v be (-16761)/(-777) + (-3)/(-7). Calculate the highest common factor of v and 682.
22
Suppose -a + 2*k = -3*k + 101, 0 = 5*a + k + 453. Let v = -88 - a. Let b(g) = -g**2 + 5*g + 1. Let w be b(5). Calculate the greatest common factor of v and w.
1
Let a be (-29)/58 + 2/4*9. Suppose 5*v = -0*g + 5*g + 55, -a = -4*g. Let w be (4/5)/((-1)/(-10)). What is the greatest common factor of v and w?
4
Let d(s) = -s**3 - 7*s**2 - 9*s - 12. Let j be d(-6). Calculate the highest common factor of j and 27.
3
Suppose -8*g + 1857 = 625. Calculate the highest common factor of 14 and g.
14
Suppose 26*y - 433 = 165. Calculate the highest common divisor of y and 23.
23
Suppose 3*o + 56 = 5*j, 7*o - 3*o - 12 = 0. Let z(t) = t**3 - 14*t**2 + 17*t. Let s be z(j). What is the greatest common divisor of s and 13?
13
Let x(n) = 10*n**2 + 12*n - 74. Let j be x(7). What is the highest common factor of 20 and j?
20
Suppose 0 = -2*d + 4*z + 1020, -z + 782 = 2*d - 213. What is the greatest common divisor of d and 50?
50
Let n(b) = b**3 - b**2 - b - 4. Suppose -12 + 0 = -3*p. Let o be n(p). Let x = -12 - -22. What is the highest common factor of o and x?
10
Suppose 1 = -3*s + 85. Let l be 13 + (-1)/3*-3. Suppose -l = -4*i + 3*i. What is the highest common factor of i and s?
14
Let j(f) = -f**2 - 6*f + 16. Let w be j(-11). Let i = w + 72. Calculate the greatest common factor of 297 and i.
33
Suppose -5*v + 10*v = f + 607, -2356 = 4*f + 4*v. Let j be -3*(-2 - f/(-12)). What is the highest common factor of j and 14?
14
Let u be (-1*3)/((-96)/1600). Calculat